6
Calculate the highest common factor of 45 and 657.
9
Calculate the highest common factor of 30328 and 34.
34
Calculate the highest common divisor of 1022 and 14.
14
Calculate the greatest common factor of 35 and 2065.
35
What is the greatest common divisor of 138 and 1863?
69
What is the highest common factor of 150 and 36?
6
Calculate the greatest common factor of 420 and 23240.
140
What is the highest common divisor of 117 and 91?
13
Calculate the greatest common divisor of 512 and 96.
32
What is the highest common divisor of 4187 and 79?
79
What is the highest common divisor of 82 and 12218?
82
What is the greatest common divisor of 27 and 3132?
27
What is the highest common divisor of 4633 and 574?
41
Calculate the greatest common divisor of 2756 and 265.
53
What is the greatest common factor of 48 and 120?
24
What is the greatest common divisor of 120 and 75?
15
Calculate the highest common factor of 196 and 3332.
196
Calculate the greatest common factor of 2852 and 92.
92
Calculate the highest common factor of 26 and 2886.
26
What is the highest common factor of 385 and 70?
35
Calculate the greatest common factor of 25915 and 365.
365
Calculate the highest common factor of 5142 and 3.
3
What is the highest common divisor of 39 and 65?
13
Calculate the greatest common divisor of 18 and 12951.
9
Calculate the greatest common factor of 54 and 120.
6
Calculate the highest common divisor of 132 and 12.
12
Calculate the greatest common divisor of 30 and 27165.
15
What is the highest common factor of 240 and 19120?
80
What is the greatest common factor of 370 and 30?
10
What is the greatest common divisor of 96 and 24?
24
Calculate the highest common divisor of 34 and 3638.
34
Calculate the greatest common divisor of 876 and 384.
12
Calculate the greatest common divisor of 1417 and 39.
13
Calculate the highest common divisor of 11 and 4213.
11
Calculate the greatest common factor of 26727 and 302.
151
Calculate the greatest common divisor of 14 and 35.
7
Calculate the greatest common factor of 152 and 57.
19
Calculate the greatest common factor of 2064 and 903.
129
What is the highest common divisor of 2 and 1110?
2
What is the highest common divisor of 2750 and 220?
110
What is the highest common divisor of 15795 and 30?
15
What is the highest common divisor of 240 and 15?
15
Calculate the greatest common divisor of 844 and 5275.
211
Calculate the greatest common divisor of 22200 and 666.
222
What is the highest common factor of 335 and 134?
67
Calculate the highest common divisor of 144 and 3096.
72
What is the highest common factor of 118 and 9381?
59
Calculate the highest common factor of 120 and 5280.
120
What is the greatest common factor of 11 and 583?
11
What is the highest common divisor of 565 and 40?
5
Calculate the greatest common factor of 240 and 144.
48
What is the highest common factor of 392 and 224?
56
What is the greatest common factor of 30 and 170?
10
Calculate the highest common divisor of 3072 and 48.
48
What is the greatest common divisor of 266 and 3002?
38
What is the greatest common factor of 4788 and 90?
18
Calculate the greatest common divisor of 10056 and 60.
12
Calculate the highest common divisor of 1750 and 14.
14
Calculate the greatest common factor of 26 and 5122.
26
Calculate the highest common factor of 2419 and 177.
59
What is the highest common divisor of 18 and 36?
18
What is the greatest common factor of 19669 and 221?
221
Calculate the highest common factor of 3840 and 30.
30
What is the greatest common divisor of 231 and 583?
11
What is the greatest common divisor of 3228 and 64?
4
Calculate the greatest common factor of 48 and 360.
24
Calculate the greatest common factor of 819 and 481.
13
Calculate the highest common divisor of 516 and 6837.
129
What is the greatest common divisor of 45 and 1245?
15
What is the highest common divisor of 3497 and 208?
13
What is the highest common factor of 54 and 648?
54
What is the highest common factor of 8282 and 41?
41
Calculate the greatest common divisor of 66 and 5115.
33
Calculate the highest common divisor of 28048 and 16.
16
What is the greatest common divisor of 19 and 1387?
19
Calculate the greatest common factor of 246 and 1107.
123
What is the highest common divisor of 4 and 5?
1
Calculate the highest common divisor of 9 and 43.
1
What is the greatest common divisor of 2 and 1678?
2
What is the greatest common factor of 156 and 520?
52
Calculate the highest common factor of 88 and 374.
22
Calculate the greatest common divisor of 3 and 87.
3
Calculate the greatest common divisor of 20 and 56.
4
What is the highest common factor of 8 and 68?
4
Calculate the greatest common divisor of 935 and 85.
85
What is the highest common factor of 36312 and 204?
204
Calculate the greatest common divisor of 15 and 21.
3
Calculate the greatest common factor of 140 and 4270.
70
Calculate the highest common factor of 24072 and 24.
24
Calculate the greatest common factor of 99 and 10197.
99
What is the highest common divisor of 330 and 8690?
110
Calculate the highest common divisor of 16426 and 43.
43
Calculate the greatest common divisor of 33 and 3.
3
What is the greatest common divisor of 25512 and 24?
24
Calculate the highest common divisor of 1104 and 2001.
69
Calculate the highest common factor of 63 and 119.
7
Calculate the highest common factor of 1037 and 17.
17
Calculate the greatest common factor of 35607 and 26.
13
Calculate the greatest common divisor of 28511 and 7.
7
Calculate the highest common divisor of 88 and 1474.
22
What is the highest common divisor of 22 and 6842?
22
What is the highest common divisor of 2 and 420?
2
Calculate the highest common factor of 2993 and 73.
73
What is the highest common divisor of 9 and 3?
3
Calculate the highest common divisor of 8 and 3688.
8
What is the greatest common factor of 1590 and 18?
6
What is the highest common divisor of 2 and 1366?
2
Calculate the highest common factor of 511 and 146.
73
Calculate the greatest common factor of 40 and 630.
10
Calculate the greatest common factor of 240 and 1040.
80
What is the greatest common divisor of 7 and 125?
1
Calculate the greatest common factor of 341 and 31.
31
Calculate the greatest common divisor of 32 and 1120.
32
What is the greatest common divisor of 576 and 320?
64
Calculate the greatest common divisor of 286 and 3982.
22
Calculate the highest common factor of 41403 and 37.
37
Calculate the highest common factor of 24 and 184.
8
Calculate the highest common divisor of 20214 and 18.
18
What is the highest common factor of 49 and 441?
49
What is the highest common divisor of 37 and 296?
37
Calculate the greatest common divisor of 1 and 7.
1
What is the greatest common divisor of 36 and 24?
12
What is the highest common divisor of 4633 and 226?
113
Calculate the highest common factor of 7301 and 49.
49
Calculate the highest common divisor of 165 and 132.
33
Calculate the greatest common factor of 11 and 7.
1
What is the highest common factor of 585 and 312?
39
What is the highest common divisor of 23140 and 10?
10
What is the highest common divisor of 25 and 275?
25
What is the highest common divisor of 25 and 205?
5
What is the highest common divisor of 261 and 12267?
261
Calculate the highest common factor of 72 and 276.
12
Calculate the highest common factor of 543 and 51.
3
Calculate the highest common factor of 59 and 6077.
59
Calculate the highest common factor of 17 and 153.
17
Calculate the greatest common factor of 3546 and 72.
18
What is the greatest common factor of 14 and 326?
2
What is the greatest common divisor of 1898 and 52?
26
Calculate the greatest common factor of 3 and 363.
3
What is the greatest common factor of 24 and 2808?
24
Calculate the highest common factor of 110 and 3440.
10
Calculate the greatest common divisor of 70 and 658.
14
Calculate the greatest common factor of 7552 and 512.
128
What is the greatest common divisor of 46 and 9867?
23
What is the greatest common divisor of 19 and 24149?
19
What is the greatest common factor of 33 and 638?
11
What is the greatest common factor of 1340 and 40?
20
Calculate the greatest common divisor of 1242 and 324.
54
Calculate the greatest common factor of 495 and 780.
15
What is the high